e 6
44531
Convert -337 (base 15) to base 12.
-507
Convert -7a (base 14) to base 4.
-1230
What is 11100 (base 2) in base 11?
26
What is 1175 (base 16) in base 2?
1000101110101
What is -11664 (base 7) in base 16?
-c0c
Convert -103 (base 4) to base 9.
-21
Convert -388 (base 9) to base 4.
-11003
What is e05 (base 16) in base 14?
1445
What is -2 (base 13) in base 3?
-2
Convert -11556 (base 7) to base 8.
-5726
What is 4851 (base 13) in base 9?
15000
Convert -236 (base 11) to base 16.
-119
What is -1121211210 (base 3) in base 9?
-47753
Convert -3c8b (base 13) to base 2.
-10001000011110
-12101 (base 7) to base 10
-3137
What is -906 (base 14) in base 6?
-12110
What is -20220 (base 4) in base 6?
-2320
-91e (base 16) to base 2
-100100011110
-22011 (base 5) to base 3
-2001210
What is 14325 (base 10) in base 7?
56523
-f (base 16) to base 10
-15
10b (base 13) to base 15
c0
Convert -10110001011 (base 2) to base 13.
-852
-1308 (base 9) to base 4
-33110
-1203 (base 6) to base 16
-123
133231 (base 4) to base 11
1585
Convert -2d1 (base 14) to base 8.
-1077
-10126 (base 8) to base 10
-4182
Convert 10102001 (base 4) to base 5.
1030122
What is 1101 (base 9) in base 4?
30223
-211002120 (base 3) to base 15
-4b8c
-21200132 (base 4) to base 10
-38942
-3232 (base 7) to base 2
-10001111110
23112 (base 5) to base 7
4555
What is 10615 (base 9) in base 12?
4105
Convert 2093 (base 12) to base 9.
4803
Convert 7982 (base 11) to base 2.
10100100000000
Convert 102212 (base 3) to base 6.
1252
-b095 (base 14) to base 11
-2085a
Convert -3132233 (base 5) to base 14.
-15041
Convert 100a (base 14) to base 7.
11013
Convert 12412 (base 5) to base 7.
2602
Convert 1fb (base 16) to base 2.
111111011
Convert 14445 (base 9) to base 8.
23162
Convert 6ba (base 14) to base 13.
7c1
Convert -22a5 (base 12) to base 13.
-19b8
What is 1ba8 (base 12) in base 7?
13013
Convert -160 (base 14) to base 4.
-10120
What is -5510 (base 14) in base 5?
-432324
What is -13201 (base 6) in base 15?
-8e7
Convert -1efd (base 16) to base 5.
-223213
Convert -12540 (base 8) to base 7.
-21645
What is 2437 (base 13) in base 11?
3931
What is -5266 (base 9) in base 6?
-25523
Convert 10001111000110 (base 2) to base 12.
5372
Convert -1731 (base 14) to base 15.
-1374
230120 (base 4) to base 3
10220012
What is -36177 (base 8) in base 15?
-48c7
81 (base 12) to base 13
76
What is -29b (base 13) in base 14?
-254
-2301 (base 6) to base 3
-202001
-4572 (base 11) to base 15
-1ba8
-110011010000 (base 2) to base 7
-12364
What is 2823 (base 13) in base 12?
3413
What is -48 (base 12) in base 2?
-111000
Convert -11522 (base 6) to base 14.
-89c
What is -5024 (base 9) in base 3?
-12000211
-3532 (base 12) to base 11
-4512
Convert 5623 (base 8) to base 7.
11432
Convert -c (base 15) to base 11.
-11
-102 (base 11) to base 9
-146
-11000201 (base 3) to base 13
-144a
What is -11012122 (base 3) in base 12?
-1938
Convert -55cd (base 16) to base 7.
-121016
1403032 (base 5) to base 11
1a475
-31311 (base 5) to base 16
-821
-11000010111101 (base 2) to base 9
-18103
Convert 1322b (base 14) to base 4.
23133213
Convert 1667 (base 9) to base 6.
5524
What is -2155 (base 6) in base 2?
-111110111
Convert 6452 (base 9) to base 5.
122440
202200 (base 3) to base 2
1000101110
What is 436 (base 11) in base 4?
20023
What is 2174 (base 8) in base 5?
14043
Convert 103 (base 10) to base 14.
75
Convert -1122113 (base 4) to base 3.
-21221012
What is -1221002 (base 3) in base 8?
-2576
What is -62675 (base 8) in base 5?
-1313140
Convert 13433 (base 7) to base 12.
2142
10000000 (base 2) to base 9
152
What is -208 (base 10) in base 13?
-130
Convert 504 (base 8) to base 4.
11010
Convert 10010011111 (base 2) to base 4.
102133
Convert -3c36 (base 15) to base 7.
-52353
What is 100111010110010 (base 2) in base 4?
10322302
What is -10423 (base 5) in base 2?
-1011100010
359 (base 12) to base 2
111110101
-3b07 (base 16) to base 13
-6b55
Convert 21637 (base 8) to base 14.
3475
Convert -1786 (base 9) to base 11.
-103a
Convert -101100101 (base 2) to base 6.
-1353
Convert 2220121112 (base 3) to base 15.
11ea8
Convert -313 (base 14) to base 4.
-21131
What is 201120 (base 3) in base 2?
1000010000
What is 298 (base 12) in base 14?
20c
Convert -1102122020 (base 3) to base 9.
-42566
What is -2245 (base 6) in base 11?
-445
What is 1233002 (base 4) in base 12?
4142
What is -34132 (base 6) in base 4?
-1023020
24121 (base 5) to base 8
3372
-159c (base 13) to base 6
-22403
-1101010110001 (base 2) to base 3
-100101002
Convert 1362 (base 11) to base 15.
7c7
Convert 1da (base 15) to base 13.
271
-2d60 (base 14) to base 6
-101332
What is -35e1 (base 15) in base 14?
-4269
-11000011001010 (base 2) to base 7
-51262
Convert -60 (base 14) to base 6.
-220
1010000111 (base 2) to base 6
2555
What is 12932 (base 13) in base 6?
423445
Convert -4820 (base 11) to base 12.
-37a2
-61 (base 11) to base 2
-1000011
Convert 121407 (base 8) to base 6.
521115
What is 3221 (base 6) in base 15?
33d
88a (base 12) to base 16
4ea
What is -2575 (base 8) in base 15?
-63a
53c (base 14) to base 16
40a
What is -200211 (base 5) in base 9?
-8576
-102311 (base 7) to base 13
-8057
Convert -22280 (base 9) to base 14.
-5582
Convert 4216 (base 9) to base 7.
12006
516 (base 11) to base 9
761
Convert -371 (base 16) to base 4.
-31301
Convert -508 (base 12) to base 9.
-888
Convert -1430 (base 7) to base 11.
-46a
3122 (base 9) to base 10
2288
What is -10334 (base 8) in base 12?
-25b8
Convert 63127 (base 8) to base 15.
7b69
Convert -1266 (base 7) to base 5.
-3424
1126 (base 9) to base 3
1010220
What is 1011000100001 (base 2) in base 6?
42121
Convert 7849 (base 13) to base 10.
16792
Convert -611 (base 8) to base 14.
-201
Convert 3323 (base 5) to base 3.
122011
Convert -111220212 (base 3) to base 13.
-4808
Convert -4107 (base 10) to base 15.
-133c
41b (base 13) to base 9
857
What is 6604 (base 7) in base 14?
c04
Convert -3061 (base 8) to base 9.
-2151
Convert 3323 (base 5) to base 7.
1231
Convert -95 (base 14) to base 8.
-203
Convert 7841 (base 16) to base 11.
21147
Convert 47e (base 16) to base 7.
3232
What is -4cb (base 14) in base 13?
-591
101000111001 (base 2) to base 4
220321
Convert -1002200 (base 4) to base 5.
-114011
Convert 646 (base 10) to base 16.
286
What is -100111000 (base 2) in base 3?
-102120
-1101 (base 6) to base 5
-2003
101011100001011 (base 2) to base 15
6908
What is -22a (base 16) in base 9?
-675
Convert -5435 (base 10) to base 16.
-153b
1084 (base 9) to base 5
11210
300 (base 11) to base 12
263
What is -1010010101010 (base 2) in base 6?
-40254
What is 21212 (base 3) in base 7?
422
10133001 (base 4) to base 10
18369
What is 110011 (base 3) in base 13?
1c3
Convert -1120222 (base 3) to base 13.
-6b3
What is -6e (base 15) in base 9?
-125
-1367 (base 8) to base 10
-759
What is 20131 (base 7) in base 15?
169d
What is -7161 (base 10) in base 11?
-5420
What is 435d (base 15) in base 14?
52ab
110000100011110 (base 2) to base 14
90bc
Convert -10855 (base 10) to base 7.
-43435
-7048 (base 11) to base 3
-110212000
-1013 (base 11) to base 16
-541
What is 101010100010100 (base 2) in base 3?
1002212200
What is -4a8 (base 12) in base 7?
-2024
-13311 (base 4) to base 14
-27b
What is 2773 (base 9) in base 2?
100000101011
What is 686 (base 9) in base 8?
1064
12416 (base 9) to base 5
231413
What is -cae (base 15) in base 14?
-1088
What is 2375 (base 10) in base 9?
3228
1953 (base 11) to base 8
4656
-100001100110011 (base 2) to base 4
-10030303
Convert -111a5 (base 14) to base 5.
-2312001
What is -24408 (base 9) in base 11?
-11332
-21a (base 14) to base 10
-416
8717 (base 9) to base 10
6415
12bd (base 14) to base 8
6347
11000111010011 (base 2) to base 16
31d3
52aa (base 12) to base 10
9058
Convert 226 (base 14) to base 15.
1d6
Convert -54 (base 12) to base 8.
-100
What is 10003 (base 5) in base 6?
2524
What is -b5d (base 14) in base 12?
-1367
Convert -113020 (base 4) to base 7.
-4213
10112010000 (base 3) to base 12
34160
What is -947 (base 11) in base 10?
-1140
Convert 2a72 (base 11) to base 2.
111101101111
What is 12212 (base 4) in base 10?
422
Convert -2440 (base 6) to base 14.
-30c
Convert 11001 (base 4) to base 10.
321
Convert -3117 (base 8) to base 2.
-11001001111
-278 (base 9) to base 2
-11101001
Convert -43330 (base 5) to base 4.
